(2 - 3)*-64 is divided by 22?
18
Let w = -9 + 35. Calculate the remainder when w is divided by 8.
2
Let r(t) = 2*t**2 - 13*t + 7. What is the remainder when 61 is divided by r(8)?
30
Let x(f) = f + 21. What is the remainder when 7 is divided by x(-17)?
3
Suppose 4*b - 5*f = 54, b + b + 2*f = 36. Suppose b + 47 = 3*d. What is the remainder when d is divided by 11?
10
Let j = 179 + -114. Let a(x) = 2*x**2 - 3*x + 2. Suppose -l + 24 = -4*o + 8*o, -5*o = -3*l - 13. Calculate the remainder when j is divided by a(l).
21
Let o = 2 + 8. Let g be (-3)/(-1) + (3 - 1). Suppose g*b + 4*k - 75 = 0, -3*b = 2*b - k - 100. Calculate the remainder when b is divided by o.
9
Let a = 41 - 8. Calculate the remainder when a is divided by 18.
15
Let i = 20 - 12. Let c be 2/4 + 132/i. Suppose c = 3*x - 94. Calculate the remainder when x is divided by 10.
7
Suppose m = 2*n - 12 + 1, -5*n - 4*m = 5. Suppose -4*t = k + 7, n*k = 7*k + 3*t - 24. What is the remainder when 16 is divided by k?
7
Let x(w) = -w - 8. Calculate the remainder when 5 is divided by x(-12).
1
Suppose -4*o + 65 = 5*f, f - 2*f - 35 = -4*o. Calculate the remainder when 18 is divided by o.
8
Let a = 4 - 4. Suppose -12 = -t - a*t - 2*s, 5*s = 0. Calculate the remainder when 35 is divided by t.
11
Suppose 0*s = 2*s - y - 20, 5*s = -4*y + 50. What is the remainder when 39 is divided by s?
9
Let w(f) = -f**2 + f + 1. Let m be w(2). Calculate the remainder when (m - -1) + -1 - -35 is divided by 18.
16
Let s(x) = -x**3 + 6*x**2 + 9*x + 6. Calculate the remainder when 38 is divided by s(7).
18
What is the remainder when (1/(-2))/(14/(-504)) - -1 is divided by (-7)/(-1*(1 + 0))?
5
Let p = -7 - -12. Suppose -3*v - p*j = 21 + 6, v - 5*j - 11 = 0. Calculate the remainder when 81/6 - (-2)/v is divided by 8.
5
Let q(y) = y**2 + 6*y + 4. Let w be q(-7). Suppose -6*s - 55 = -w*s. What is the remainder when s is divided by 1/3 - 22/(-6)?
3
Let n = 7 + -11. What is the remainder when 14/7 + (1 - -16) is divided by (-1)/2 + (-42)/n?
9
Let r(u) = 2*u - 10. Let f be r(7). Suppose -2*v + 63 = f*b + 5, 0 = -4*b + 4*v + 52. What is the remainder when 25 is divided by b?
11
Suppose v - 4*d - 24 = -3*v, 4*v + 5*d + 12 = 0. Calculate the remainder when 6 is divided by v.
0
Let a = 216 - 121. What is the remainder when a is divided by 12?
11
Let c = 3 - -12. What is the remainder when 163 is divided by c?
13
Let d = 8 + -6. Suppose d = 3*o - 37. What is the remainder when o is divided by 5?
3
Let u be (8/(-5))/((-4)/(-20)). Let n(l) = l**3 + 7*l**2 - 9*l + 2. Let d = 70 - 41. What is the remainder when d is divided by n(u)?
9
Suppose -3*u = 5*f - 105, u = -4*u + 25. Suppose -5*w + 2*b + f = 0, 3*w - 11 + 0 = b. Let p = w - 2. What is the remainder when 2 is divided by p?
0
Let n(r) = -r**3 + 4*r**2 + 10*r - 13. Calculate the remainder when 130 is divided by n(5).
10
Let f = -3 - -3. Suppose f = -i - 0 - 4. Calculate the remainder when 11/((-2)/i - 0) is divided by 12.
10
Suppose g + 3*g = 1080. Suppose 54 = -2*z + g. Suppose -4*f = p - 18, z = 5*p + 6*f - 4*f. What is the remainder when p is divided by 12?
10
Let l(d) = -2*d - 6. Suppose 6*y = 3*y - 12. Let m be l(y). Suppose m*s - 13 = 37. What is the remainder when s is divided by 9?
7
Let d(o) = 18*o**2 - 1. Suppose -m + 3*m = 66. Calculate the remainder when m is divided by d(-1).
16
Suppose 4*g = -8, -2*b - g = -6*g - 30. What is the remainder when b is divided by 3?
1
Let g be -2 - 1/(3/9). What is the remainder when ((-2)/(-2))/(g/(-10)) is divided by 1?
0
Let j(x) = 27*x**3 + x**2 - x. Suppose k - 7 = -6. Calculate the remainder when j(k) is divided by 14.
13
Let h(o) = -3*o - 9. Let d be h(-8). Suppose -6*y - 3 = -d. What is the remainder when 7 is divided by y?
1
Suppose 0 = -2*v - 0*v + 6. Suppose -5*b + v*b = -18. Calculate the remainder when b is divided by 5.
4
Let z = -64 - -72. What is the remainder when z is divided by 8?
0
Suppose -4*h = -7*h + 6. Let v be 2/7 - 542/(-14). Suppose -h*s - s = -v. What is the remainder when s is divided by 5?
3
Let w be (-4)/4 + 0 + -4. Let v = w + 10. What is the remainder when 19 is divided by v?
4
Let y be 3/(1 - (-4)/(-10)). Let h(j) = j - 3. Let g be h(y). Suppose -4*d = 5*a - 22, 14 = g*a - 0*a - d. Calculate the remainder when a is divided by 3.
0
What is the remainder when 35 is divided by 1*(21 - (-2 - -5))?
17
Suppose -14 - 1 = -p. Suppose -2*g - 2*q + 76 = 0, -5*g + 5*q + 137 = -103. What is the remainder when g is divided by p?
13
Let w(a) = 2*a**3 + 2*a**2 + 4. Let n be w(3). Suppose 0 = 6*v - 2*v - n. Let x = 4 + 33. What is the remainder when x is divided by v?
18
Let o be (-2 + 2)*2/(-6). Suppose 6*r - r - 75 = o. Calculate the remainder when r is divided by 4.
3
Suppose v - 7 = 4. Calculate the remainder when 43 is divided by v.
10
Suppose -k - 21 = -4*l, -4*l + 32 + 7 = 5*k. Calculate the remainder when 23 is divided by l.
5
Let c(a) = 5*a - 2. What is the remainder when c(3) is divided by 8?
5
Let k be -1*1/(-2)*4. Suppose -k*h + 0 + 8 = 0. What is the remainder when h is divided by 3?
1
Suppose 4*n + 30 = 6*n. Calculate the remainder when 21 is divided by n.
6
Let v = 117 - 80. Calculate the remainder when v is divided by 14.
9
Let q(z) = 2*z - 8. Calculate the remainder when 9 is divided by q(7).
3
What is the remainder when 388/6*4/16*6 is divided by 25?
22
Let s(d) = -d - 7. Let m be s(-6). What is the remainder when 44 is divided by (-15)/6*(-7 - m)?
14
Let y be 3 + (5 + -3 - 0). Let s(u) = -u**2 + 5*u + 1. What is the remainder when s(y) is divided by 1?
0
Let z(f) = f**2 - 11*f - 33. What is the remainder when 79 is divided by z(15)?
25
Let s = 24 - 14. Suppose 0 = -n + 5*n + 4. What is the remainder when n/4 + (-585)/(-20) is divided by s?
9
Let w(s) = s**3 + 7*s**2 - 7*s + 5. What is the remainder when w(-7) is divided by 14?
12
Suppose 47 - 149 = -r. What is the remainder when r is divided by 21?
18
Let i = 6 + -5. Let u(v) = 9*v**2 - 1. Let h(d) = 2*d**2 - 4*d + 6. What is the remainder when h(4) is divided by u(i)?
6
Let z(x) = -x**3 + 6*x**2 - 1. Calculate the remainder when 43 is divided by z(5).
19
Let f(a) be the third derivative of -a**5/60 - 7*a**4/24 - a**3/3 - 5*a**2. What is the remainder when f(-5) is divided by 3?
2
Let y = 1 - -2. Let b(c) = 2*c + 3*c**y + 4*c**2 + 3 + 2*c - 2*c**3. What is the remainder when 7 is divided by b(-2)?
1
Suppose 3*v + 3*y = 7*v - 53, -5*v = y - 52. Let d = 63 + -43. Calculate the remainder when d is divided by v.
9
Let i(o) be the second derivative of -o + 0*o**2 + 1/6*o**3 + 0 + 1/3*o**4. What is the remainder when 26 is divided by i(-2)?
12
Suppose -a + f = -78 + 8, -5*a - f + 326 = 0. Calculate the remainder when a is divided by 23.
20
Suppose 0 = 2*j - 4*j + 4. Suppose -5*p - 3*y = -117, -p + y = j*p - 59. Calculate the remainder when p is divided by 6.
3
Let x be (-3)/((-50)/28 + 2). Let w = 32 + x. What is the remainder when 52 is divided by w?
16
Let g = 10 + 66. What is the remainder when g is divided by 20?
16
Let x(j) = j**2 + 1. Let t be x(-1). Suppose 16 = 2*g + 2*w, -g + 2 = t*w - 1. What is the remainder when g is divided by 5?
3
Let h = 215 - 151. Let d(t) = -3*t + 1. What is the remainder when h is divided by d(-7)?
20
Let r(u) = 4 + 2*u + 1 - 3*u. Suppose 4 = -2*s - 4*q, -6*q - 8 = -2*q. Calculate the remainder when s is divided by r(4).
0
Let l(f) = -f**2 + 7*f + 3. Suppose -2*v + 18 = v. Let q(m) = -3*m + 1. What is the remainder when q(-5) is divided by l(v)?
7
Suppose -2*z = -46 - 100. Calculate the remainder when z is divided by 11.
7
What is the remainder when (474/9 - 3/(-9))*3 is divided by 18?
15
Suppose 5*m - 51 = -4*l, -4*m + 75 = 5*l - 0*m. What is the remainder when 90 is divided by l?
14
Calculate the remainder when -24*(-4)/(-24)*-3 is divided by 7.
5
Let a(h) = -h**2 - 10*h - 3. Calculate the remainder when a(-6) is divided by 12.
9
Let x = 21 - -10. Calculate the remainder when x is divided by 17.
14
Suppose b - 2*y + 4*y = -1, 5*b - 3*y - 8 = 0. Suppose 271 = 4*n + 111. What is the remainder when n is divided by 1*21*(2 - b)?
19
Let a = 5 - 5. What is the remainder when 16 is divided by (-1)/(1/(-6) - a)?
4
Suppose 4*h = 2*h + 20. Suppose -h = 4*v - 5*v. Let a = 19 - v. Calculate the remainder when a is divided by 3.
0